tors of 69664661?
11, 89, 6469
List the prime factors of 3883479316.
2, 3181, 305209
List the prime factors of 372130192.
2, 7, 157, 21163
List the prime factors of 1071463527.
3, 1801, 66103
What are the prime factors of 2676800?
2, 5, 7, 239
List the prime factors of 478739997.
3, 2287, 7753
List the prime factors of 702817409.
7, 107, 938341
What are the prime factors of 737876285?
5, 2029, 72733
List the prime factors of 179215135.
5, 11, 1231, 2647
What are the prime factors of 6269523043?
7, 19, 47139271
What are the prime factors of 101406320?
2, 5, 1267579
What are the prime factors of 45296201?
127, 356663
List the prime factors of 2553575925.
3, 5, 83, 97, 4229
What are the prime factors of 37181284?
2, 7, 1327903
List the prime factors of 2249740242.
2, 3, 151, 827719
What are the prime factors of 112043826?
2, 3, 6224657
List the prime factors of 209693791.
209693791
List the prime factors of 6357753655.
5, 11, 115595521
What are the prime factors of 312583036?
2, 137, 570407
List the prime factors of 88133016.
2, 3, 3672209
List the prime factors of 70612821.
3, 349, 22481
What are the prime factors of 283917080?
2, 5, 613, 11579
List the prime factors of 41632952.
2, 19, 273901
What are the prime factors of 222607128?
2, 3, 9275297
List the prime factors of 1400661878.
2, 7, 11, 75167
What are the prime factors of 50062544?
2, 7, 443, 1009
List the prime factors of 167129055.
3, 5, 1237993
List the prime factors of 622961291.
1579, 394529
List the prime factors of 124767355.
5, 24953471
List the prime factors of 107458300.
2, 5, 19, 23, 2459
What are the prime factors of 12359047?
1367, 9041
List the prime factors of 329680779.
3, 17, 6464329
What are the prime factors of 1003523658?
2, 3, 11317, 14779
What are the prime factors of 207089192?
2, 25886149
What are the prime factors of 2274067388?
2, 568516847
List the prime factors of 1087820726.
2, 431, 1261973
What are the prime factors of 834197224?
2, 7, 59, 252481
List the prime factors of 109644355.
5, 1499, 14629
What are the prime factors of 99606966?
2, 3, 2389, 6949
What are the prime factors of 45499094?
2, 41, 229, 2423
List the prime factors of 233690945.
5, 97, 481837
What are the prime factors of 652222052?
2, 10151, 16063
List the prime factors of 8866937.
23, 385519
What are the prime factors of 42829476?
2, 3, 31, 115133
List the prime factors of 1391039408.
2, 11, 7903633
List the prime factors of 69691143.
3, 17, 1366493
What are the prime factors of 2379771860?
2, 5, 17, 661, 10589
What are the prime factors of 1485170387?
1485170387
What are the prime factors of 60219895?
5, 12043979
What are the prime factors of 992985396?
2, 3, 13, 41, 155251
What are the prime factors of 252338388?
2, 3, 31, 678329
List the prime factors of 418753244.
2, 7, 13, 1150421
List the prime factors of 89900714.
2, 769, 58453
List the prime factors of 429668695.
5, 85933739
What are the prime factors of 291446967?
3, 7, 13878427
What are the prime factors of 91006814?
2, 17, 23, 29, 4013
List the prime factors of 54199622.
2, 41, 307, 2153
List the prime factors of 41489537.
17, 2440561
What are the prime factors of 1514289960?
2, 3, 5, 17, 247433
What are the prime factors of 1152927654?
2, 3, 29, 757, 8753
What are the prime factors of 1368393379?
53, 1867, 13829
What are the prime factors of 174755916?
2, 3, 389, 12479
List the prime factors of 35171485.
5, 23, 305839
What are the prime factors of 210059715?
3, 5, 14003981
List the prime factors of 9677067.
3, 673, 4793
What are the prime factors of 875448404?
2, 29, 7546969
List the prime factors of 567284555.
5, 37, 593, 5171
List the prime factors of 1779298030.
2, 5, 17, 1787, 5857
List the prime factors of 145389470.
2, 5, 29, 501343
List the prime factors of 53059231.
59, 899309
List the prime factors of 281899743.
3, 2473, 37997
What are the prime factors of 75198938?
2, 37599469
What are the prime factors of 52017682?
2, 521, 49921
What are the prime factors of 573909436?
2, 2239, 64081
List the prime factors of 176492007.
3, 19, 344039
List the prime factors of 167384667.
3, 55794889
List the prime factors of 97113840.
2, 3, 5, 167, 2423
List the prime factors of 2574727542.
2, 3, 2011, 71129
List the prime factors of 98540748.
2, 3, 97, 28219
List the prime factors of 2662954891.
22717, 117223
List the prime factors of 27542934.
2, 3, 53, 28871
What are the prime factors of 213760552?
2, 41, 67, 71, 137
List the prime factors of 47064240.
2, 3, 5, 269
What are the prime factors of 290777311?
11, 19, 59, 23581
List the prime factors of 26389025.
5, 13, 81197
List the prime factors of 54191186.
2, 7, 479, 8081
What are the prime factors of 64990098?
2, 3, 151, 23911
What are the prime factors of 1173514814?
2, 1733, 338579
What are the prime factors of 91112661?
3, 3374543
What are the prime factors of 57682672?
2, 71, 50777
List the prime factors of 203063707.
7, 11, 2637191
List the prime factors of 116740347.
3, 3877, 10037
List the prime factors of 56552521.
6569, 8609
What are the prime factors of 197547699?
3, 37, 1779709
List the prime factors of 35425975.
5, 13, 19, 5737
List the prime factors of 449905128.
2, 3, 53, 353699
What are the prime factors of 21223422?
2, 3, 11, 37, 2897
List the prime factors of 2827916102.
2, 11, 17, 23, 521, 631
What are the prime factors of 1178869039?
3371, 349709
List the prime factors of 13187111.
7, 43, 193, 227
What are the prime factors of 199806817?
7, 41, 743, 937
What are the prime factors of 690633917?
181, 631, 6047
List the prime factors of 3658192495.
5, 137, 5340427
What are the prime factors of 80537299?
101, 797399
List the prime factors of 26259686.
2, 1039, 12637
What are the prime factors of 6250734596?
2, 1562683649
What are the prime factors of 154576549?
3557, 43457
What are the prime factors of 3151135948?
2, 283, 2783689
What are the prime factors of 253225277?
521, 486037
What are the prime factors of 436555106?
2, 13, 79, 257, 827
What are the prime factors of 30666118?
2, 7, 37, 53, 1117
List the prime factors of 155979503.
167, 934009
List the prime factors of 47488332.
2, 3, 41, 263, 367
List the prime factors of 177733053.
3, 347, 56911
What are the prime factors of 117336674?
2, 7, 13, 31, 2971
What are the prime factors of 1441158208?
2, 7, 19, 67
List the prime factors of 50848898.
2, 2879, 8831
What are the prime factors of 20384650?
2, 5, 11, 13, 2851
List the prime factors of 1224910270.
2, 5, 499, 245473
What are the prime factors of 114560615?
5, 13, 1762471
What are the prime factors of 30052336?
2, 283, 6637
What are the prime factors of 8416640016?
2, 3, 6494321
What are the prime factors of 190144139?
89, 2136451
List the prime factors of 4079124763.
7, 19, 30670111
What are the prime factors of 1385428870?
2, 5, 7, 47, 421103
What are the prime factors of 24002383?
47, 463, 1103
List the prime factors of 863216.
2, 53951
List the prime factors of 245220226.
2, 71, 1726903
What are the prime factors of 97198694?
2, 1439, 33773
What are the prime factors of 1065349455?
3, 5, 17, 1699, 2459
What are the prime factors of 57799866?
2, 3, 109, 88379
What are the prime factors of 13138933?
13138933
What are the prime factors of 411564813?
3, 11, 2713, 4597
What are the prime factors of 259376879?
47, 727, 7591
List the prime factors of 96772778.
2, 743, 65123
List the prime factors of 2042092373.
2042092373
List the prime factors of 58848336.
2, 3, 136223
What are the prime factors of 753027492?
2, 3, 7, 1280659
What are the prime factors of 3892556726?
2, 29, 31, 74653
List the prime factors of 155198248.
2, 193, 100517
What are the prime factors of 92144928?
2, 3, 181, 5303
What are the prime factors of 35764438?
2, 239, 74821
What are the prime factors of 1678445381?
757, 2217233
What are the prime factors of 2317105216?
2, 439, 82471
What are the prime factors of 433137150?
2, 3, 5, 23, 41849
What are the prime factors of 26588589?
3, 199, 44537
What are the prime factors of 61210?
2, 5, 6121
List the prime factors of 108617723.
53, 101, 103, 197
List the prime factors of 1230613695.
3, 5, 29, 61, 5153
What are the prime factors of 451504808?
2, 577, 97813
List the prime factors of 12343770.
2, 3, 5, 137153
List the prime factors of 179